13
33a009
What is 10bd3 (base 16) in base 4?
100233103
2323220 (base 4) to base 2
10111011101000
Convert -10226024 (base 7) to base 6.
-30304055
4960516 (base 10) to base 3
100100000112211
Convert -26a4550 (base 11) to base 2.
-10001110010001000111110
Convert -11031230 (base 5) to base 8.
-273107
Convert 1002321003 (base 4) to base 12.
112683
-2235626 (base 10) to base 4
-20201303222
Convert 346663 (base 7) to base 9.
104557
What is -10001112120201 (base 3) in base 12?
-664224
-3202422242 (base 5) to base 7
-110554362
1375100 (base 8) to base 6
12221344
What is 2211302 (base 4) in base 12?
6182
What is 1030342 (base 6) in base 13?
1a0b4
202020233 (base 4) to base 10
139823
Convert 14010238 (base 10) to base 15.
136b2ad
-216355440 (base 7) to base 11
-7453898
Convert -3206272 (base 10) to base 12.
-10a7594
676341 (base 8) to base 6
4522121
-a99979 (base 12) to base 10
-2691885
Convert 40412 (base 9) to base 11.
18a73
What is -b3004 (base 13) in base 12?
-135766
Convert 15760b2 (base 12) to base 3.
22020211011222
-128007 (base 14) to base 4
-2123123013
-23200200302 (base 4) to base 9
-5607178
1044235015 (base 6) to base 16
ae0533
What is 510024 (base 6) in base 16?
9d00
Convert -23350132 (base 6) to base 15.
-e631e
-222241400 (base 6) to base 12
-1426260
What is 1919952 (base 11) in base 3?
20010001111102
200202021210012 (base 3) to base 10
9965273
-240485 (base 9) to base 14
-3aa6b
What is 156996 (base 12) in base 7?
3045033
-496263 (base 10) to base 5
-111340023
423230432 (base 5) to base 16
1b112b
What is 261716 (base 8) in base 9?
147846
Convert 257836 (base 11) to base 8.
1430177
Convert 92889 (base 15) to base 8.
1612660
Convert -62386 (base 12) to base 15.
-280a6
Convert -34e853 (base 15) to base 12.
-a1bb89
1684424 (base 10) to base 5
412400144
Convert 312304143 (base 6) to base 10.
5436351
130400203 (base 5) to base 3
1012101120002
What is -12303111130 (base 4) in base 2?
-110110011010101011100
What is 10243342444 (base 5) in base 12?
37a66ab
Convert 9940 (base 15) to base 10.
32460
Convert 415532 (base 7) to base 5.
4242422
What is -11212111222220 (base 3) in base 9?
-4774886
What is -116184 (base 13) in base 3?
-202222221220
-11354041 (base 7) to base 3
-1220001121221
-7957b9 (base 13) to base 16
-2bc4c4
Convert a8baa (base 15) to base 8.
2026515
Convert 301002141 (base 5) to base 7.
13044651
What is 1adbd5 (base 15) in base 6?
44042515
1ebb2 (base 16) to base 5
13011444
Convert -93369 (base 13) to base 5.
-31423414
14001244 (base 8) to base 3
12220212001111
-5d7a54 (base 14) to base 5
-1310203040
What is 36235 (base 7) in base 8?
22251
Convert -1551211 (base 8) to base 16.
-6d289
Convert 870238 (base 9) to base 13.
15201b
Convert 3250257 (base 9) to base 2.
110101010001000100000
Convert -7499746 (base 10) to base 3.
-112010000201101
Convert -219a48 (base 14) to base 2.
-100010110100000110000
What is -435440 (base 8) in base 16?
-23b20
-1368039 (base 10) to base 2
-101001101111111100111
-14705031 (base 8) to base 3
-20100121022121
Convert -152463 (base 12) to base 8.
-1270413
What is -144397 (base 11) in base 14?
-5c208
-135883 (base 10) to base 14
-3773d
What is -20010204 (base 5) in base 11?
-a79a3
-54168 (base 16) to base 14
-8d73a
-40b87 (base 12) to base 3
-11022002111
59798 (base 12) to base 14
31c0c
What is 114343143 (base 5) in base 11?
341415
Convert -3323302220 (base 5) to base 14.
-d67d6c
Convert -e624d (base 15) to base 2.
-10110010000110110011
What is 11110111100102 (base 3) in base 16?
24306b
What is -36ba9 (base 15) in base 12?
-85173
11c803 (base 13) to base 4
1220120311
230a210 (base 13) to base 3
202022011211220
What is -4110524 (base 6) in base 2?
-101111110100110100
What is 155160 (base 12) in base 16?
58398
What is 1323dc (base 14) in base 11?
410412
What is 20012011 (base 4) in base 6?
413301
What is 1021230202 (base 6) in base 5?
10220004423
Convert -1400215 (base 7) to base 3.
-100101202101
-14921 (base 14) to base 13
-1a3b4
Convert -202432 (base 9) to base 11.
-820a9
What is -b8cb (base 14) in base 12?
-1658b
2101220122 (base 3) to base 14
13361
What is 449547 (base 10) in base 8?
1556013
What is -14045256 (base 7) in base 3?
-2110022221110
Convert 641415 (base 8) to base 10.
213773
Convert -1000001011100011000 (base 2) to base 9.
-447630
Convert 373020 (base 9) to base 2.
110110111111111111
What is 33131 (base 13) in base 12?
4562b
1464911 (base 11) to base 5
1120310121
-2471459 (base 11) to base 4
-100113301230
-1010310403 (base 5) to base 7
-23231316
13c68b (base 13) to base 14
c87ad
-303421 (base 9) to base 10
-179677
Convert -540ba7 (base 14) to base 11.
-1673613
-a19aa (base 15) to base 13
-14bc60
Convert -b1149 (base 12) to base 15.
-48250
17806 (base 10) to base 11
12418
134774 (base 8) to base 10
47612
Convert -168218 (base 11) to base 7.
-2131311
212333313 (base 4) to base 14
422d9
What is 51681 (base 9) in base 16?
852d
What is -2a5469 (base 15) in base 16?
-1f2bfa
122000104 (base 5) to base 6
20220350
What is 49b485 (base 15) in base 13?
968417
Convert 7d9 (base 14) to base 6.
11123
5db9cc (base 14) to base 3
20001121220120
What is -4695310 (base 10) in base 7?
-54623644
What is 1737304 (base 8) in base 14?
d2da4
Convert -94a420 (base 12) to base 11.
-1359347
Convert 10220030212 (base 4) to base 8.
4501446
Convert -627a65 (base 12) to base 3.
-2220122120012
242234221 (base 6) to base 5
2133431202
Convert -3204444 (base 6) to base 13.
-5634a
54388 (base 9) to base 16
8ccc
What is -b1d77 (base 14) in base 15?
-86c18
b478d (base 14) to base 4
1222031221
2323302030 (base 4) to base 9
1402076
111100012210 (base 3) to base 6
5343420
-6331607 (base 9) to base 15
-46d6ed
Convert 154746 (base 9) to base 6.
2013323
What is 140042201 (base 6) in base 7?
32561662
What is 86486 (base 9) in base 16?
dfb0
-112200120 (base 4) to base 13
-32c61
Convert 1010100010111000100111 (base 2) to base 4.
22202320213
What is 201213131230 (base 4) in base 3?
121120201100001
Convert -11343213 (base 5) to base 9.
-171432
What is 4352150 (base 6) in base 7?
1562310
Convert -120102110 (base 4) to base 16.
-18494
What is 101010101100010101 (base 2) in base 9?
285778
Convert 144564250 (base 7) to base 6.
542221031
Convert 11022201100102 (base 3) to base 10.
2297333
3b62b (base 13) to base 6
2213233
Convert 1100111010001 (base 2) to base 6.
50333
-12023330002 (base 4) to base 8
-6137402
Convert 2410012314 (base 5) to base 6.
314524230
What is -288858 (base 9) in base 14?
-48795
What is -12012210011211 (base 3) in base 8?
-12444163
Convert -441343140 (base 5) to base 6.
-104441452
-624b (base 16) to base 13
-b5b8
What is -102447 (base 16) in base 7?
-11664102
What is -2150002 (base 7) in base 5?
-31422422
What is -137754 (base 8) in base 10?
-49132
What is 1a8cda1 (base 14) in base 15?
126b216
-10456 (base 9) to base 2
-1101100011000
Convert -566538 (base 12) to base 14.
-27cb48
What is -231661 (base 7) in base 8?
-121031
Convert 74288 (base 15) to base 5.
43242303
What is 310440143 (base 5) in base 10?
1265048
What is -124444 (base 6) in base 7?
-45151
-9b8e8 (base 15) to base 6
-14334332
-225e8 (base 15) to base 4
-122230133
Convert -413012410 (base 5) to base 12.
-695168
Convert -2384055 (base 11) to base 3.
-21210210001210
8300078 (base 9) to base 11
2555423
-1850171 (base 10) to base 3
-10110222221212
What is 15739e (base 16) in base 14?
2884a2
54182 (base 12) to base 8
330362
What is -6c015 (base 14) in base 8?
-1002423
Convert 44210302 (base 5) to base 13.
104b0c
-1556601 (base 7) to base 8
-645752
Convert 20370174 (base 9) to base 2.
100101010101111011101000
What is 3c7099 (base 13) in base 11?
916028
What is 4113310031 (base 5) in base 14?
1170977
-b359e8 (base 15) to base 8
-40410526
-10133320210 (base 4) to base 15
-1845b7
What is -1470453 (base 8) in base 11?
-269217
What is -10a1304 (base 11) in base 9?
-3545255
492b2 (base 14) to base 12
87650
-61b3b (base 12) to base 11
-87aaa
What is -44130142 (base 5) in base 12?
-163b27
What is 186850 (base 11) in base 10?
287188
Convert b4a929 (base 12) to base 14.
53c729
Convert -13435505 (base 6) to base 13.
-12c824
Convert 1220123044 (base 5) to base 4.
23002320213
-101101110011101000 (base 2) to base 3
-100112101001
104300030 (base 5) to base 3
212111110012
Convert 46588 (b